-- http://www.phpmyadmin.net
--




--
-- Database: `jmsp`
--

-- --------------------------------------------------------

--
-- Table structure for table `gg`
--

CREATE TABLE IF NOT EXISTS `gg` (
  `id` bigint(255) NOT NULL,
  `idedit` bigint(255) NOT NULL,
  PRIMARY KEY (`id`,`idedit`)
) ENGINE=InnoDB DEFAULT CHARSET=latin1;

--
-- Dumping data for table `gg`
--

INSERT INTO `gg` (`id`, `idedit`) VALUES
(1, 0),
(1, 1),
(1, 2),
(1, 3),
(1, 9),
(1, 10);

-- --------------------------------------------------------

--
-- Table structure for table `gp`
--

CREATE TABLE IF NOT EXISTS `gp` (
  `groupID` varchar(255) NOT NULL,
  `pageID` varchar(255) NOT NULL,
  PRIMARY KEY (`groupID`,`pageID`)
) ENGINE=InnoDB DEFAULT CHARSET=latin1;

--
-- Dumping data for table `gp`
--

INSERT INTO `gp` (`groupID`, `pageID`) VALUES
('1', '1'),
('1', '2'),
('1', '30'),
('1', '31'),
('1', '32'),
('1', '33'),
('1', '34'),
('1', '36'),
('1', '37'),
('1', '39'),
('1', '4'),
('1', '41'),
('1', '42'),
('1', '43'),
('1', '49'),
('1', '5'),
('1', '50'),
('1', '51'),
('1', '52'),
('1', '53'),
('1', '55'),
('1', '56'),
('1', '57'),
('1', '58'),
('1', '59'),
('1', '6'),
('1', '60'),
('1', '61'),
('1', '62'),
('1', '63'),
('1', '69'),
('1', '70'),
('1', '71'),
('1', '72'),
('1', '73'),
('1', '8'),
('1', '9'),
('2', '31'),
('2', '72'),
('3', '3'),
('3', '31'),
('3', '32'),
('3', '33'),
('3', '36'),
('3', '37'),
('3', '39'),
('3', '41'),
('3', '43'),
('3', '5'),
('3', '59'),
('3', '6'),
('3', '60'),
('3', '8');

-- --------------------------------------------------------

--
-- Table structure for table `group`
--

CREATE TABLE IF NOT EXISTS `group` (
  `id` bigint(255) NOT NULL AUTO_INCREMENT,
  `name` varchar(255) NOT NULL,
  `created` datetime NOT NULL,
  `modified` datetime NOT NULL,
  `islock` int(11) NOT NULL,
  `approve` int(11) NOT NULL,
  `ispublic` tinyint(4) NOT NULL,
  `isadmin` int(11) NOT NULL,
  PRIMARY KEY (`id`),
  UNIQUE KEY `name` (`name`)
) ENGINE=InnoDB  DEFAULT CHARSET=latin1 AUTO_INCREMENT=11 ;

--
-- Dumping data for table `group`
--

INSERT INTO `group` (`id`, `name`, `created`, `modified`, `islock`, `approve`, `ispublic`, `isadmin`) VALUES
(1, 'Admin', '0000-00-00 00:00:00', '2013-02-07 11:15:10', 0, 0, 0, 1),
(2, 'Member', '0000-00-00 00:00:00', '2013-01-31 16:39:45', 1, 1, 0, 0),
(3, 'Unregistered', '0000-00-00 00:00:00', '0000-00-00 00:00:00', 0, 0, 1, 0),
(4, 'mres7000', '2013-01-31 17:34:51', '0000-00-00 00:00:00', 0, 0, 0, 0),
(5, 'mres7001', '2013-01-31 17:37:01', '0000-00-00 00:00:00', 1, 1, 0, 0),
(6, 'hhh', '2013-01-31 17:39:42', '0000-00-00 00:00:00', 0, 0, 0, 0),
(8, 'hhj', '2013-01-31 17:40:12', '0000-00-00 00:00:00', 0, 0, 0, 0),
(9, 'mres2300', '2013-01-31 17:41:20', '2013-01-31 17:44:07', 1, 1, 0, 0),
(10, 'mres7500', '2013-01-31 17:41:51', '0000-00-00 00:00:00', 0, 0, 0, 0);

-- --------------------------------------------------------

--
-- Table structure for table `image`
--

CREATE TABLE IF NOT EXISTS `image` (
  `id` int(255) NOT NULL AUTO_INCREMENT,
  `thumbnail` mediumblob NOT NULL,
  `big` longblob NOT NULL,
  `created` datetime NOT NULL,
  `name` varchar(100) NOT NULL,
  `description` text NOT NULL,
  `size` varchar(255) NOT NULL,
  `alias` varchar(255) NOT NULL,
  `type` varchar(255) NOT NULL,
  `title` varchar(255) NOT NULL,
  PRIMARY KEY (`id`)
) ENGINE=InnoDB  DEFAULT CHARSET=latin1 AUTO_INCREMENT=8 ;

--
-- Dumping data for table `image`
--

INSERT INTO `image` (`id`, `thumbnail`, `big`, `created`, `name`, `description`, `size`, `alias`, `type`, `title`) VALUES
(1, 0x[BLOB], 0x[BLOB], '2013-02-06 15:53:21', '37312f6d.jpg', 'hello world1awsefrawefr', '199554', '37312f6d.jpg', 'image/jpeg', '');
