[encoded data, 123056 characters], '2013-02-08 10:27:33', 'c5c2d042.jpg', 'sdergzedr', '1005840', 'c5c2d042.jpg', '', '');
INSERT INTO `image` (`id`, `thumbnail`, `big`, `created`, `name`, `description`, `size`, `alias`, `type`, `title`) VALUES
(7, 0xffd8ffe000104a46494600010100000100010000fffe003e43524541544f523a2067642d6a7065672076312e3020287573696e6720494a47204a50454720763632292c2064656661756c74207175616c6974790affdb004300080606070605080707070909080a0c140d0c0b0b0c1912130f141d1a1f1e1d1a1c1c20242e2720222c231c1c2837292c30313434341f27393d38323c2e333432ffdb0043010909090c0b0c180d0d1832211c213232323232323232323232323232323232323232323232323232323232323232323232323232323232323232323232323232ffc0001108005a008703012200021101031101ffc4001f0000010501010101010100000000000000000102030405060708090a0bffc400b5100002010303020403050504040000017d01020300041105122131410613516107227114328191a1082342b1c11552d1f02433627282090a161718191a25262728292a3435363738393a434445464748494a535455565758595a636465666768696a737475767778797a838485868788898a92939495969798999aa2a3a4a5a6a7a8a9aab2b3b4b5b6b7b8b9bac2c3c4c5c6c7c8c9cad2d3d4d5d6d7d8d9dae1e2e3e4e5e6e7e8e9eaf1f2f3f4f5f6f7f8f9faffc4001f0100030101010101010101010000000000000102030405060708090a0bffc400b51100020102040403040705040400010277000102031104052131061241510761711322328108144291a1b1c109233352f0156272d10a162434e125f11718191a262728292a35363738393a434445464748494a535455565758595a636465666768696a737475767778797a82838485868788898a92939495969798999aa2a3a4a5a6a7a8a9aab2b3b4b5b6b7b8b9bac2c3c4c5c6c7c8c9cad2d3d4d5d6d7d8d9dae2e3e4e5e6e7e8e9eaf2f3f4f5f6f7f8f9faffda000c03010002110311003f00f00c1f43460fa549487a1a008e8a28a0028a28a0028a28a0028a28a0028a28a0028a28a0029707d0d20ea2a5a008f07d0d152514c0290f434b487a1a008e8a28a40145145001450013d05598f4fbd9577476770ea7bac648fe54015a8abcba3ea4c322c2e31ff5ccd2b69c5131324f6d276f3a33b4fe2075fc29d80a1453e589e195a3906194e0e0823f02383f5a65200a28a28001d454b510ea2a5a0028a28a601487a1a5a43d0d002451493c8238919dcf40a326b76d3c2d34857ed328427a4718dec7d7a7f4cd5fd012dedf47fb4029bdb719198e30413804f6edf9d5c8fc65a7e996c16deda4bab8902b4d2310809c7201c13c138031fe25013db782ece2553711ed049cb4d2fcc3d385e08fc69ec3c3d606363344265e4b5bc2a33edd0e3f3ae4f52f13ea3a9b1deeb1a7f750751ef5945de67f998927d6819dd5c78ab45c1db6d3123a0594ae7ebb4d3ec7c571dcb8860d39703bb393fa915c298957dc9aec3c3562aa14edebcd2b8d23b4b18e7bc0088224cfb56d2f85e6bb419453dfe5257f5069349408abf25763a7caa3194c5734eb496c6d1a57383d43c3335869f34d3dabac4884b3a31720773c820f15c92695e1ed4912381edb9cefdf10573f8aedc57d111b452c2578391c835f1ddb4b28ba64524a86383e95ad2a9ce88a90e53acbef04c223df1c52c676f585bcc5073c7046e3f8573779e1dbbb75f3212b73113c18fa9e71d3fc33d2bbcf0d5d5dcb6ffbd2ccb92013dc53f5a58e3bf87cbc07756f340f403827df3c67bfe15a9163ca7186c1a92b5bc4914297e8f1e048ebb9c0f5cf5fa9ff003d6b2682428a28a601487a1a5a43d0d00496b7925aef550af14830f1b8cab7ff005c7ad6844343bbdc6437164e47001de83f4c9ac7a2901d3dbf862c6ee4221d5432ee18f2d1642abeadf30c7e00d5b3e09856292587585668f3c4b018813f527a7bd71b5663d46f624091de5c22a8c05590803f5a0001ff0048552307760d7a57872dc7949c5798c9712cd389a572f271963d4e3d6bd2bc25a9db5c471a2ca9e601ca67e61f851b2293d4f47d36dc6178ae9ed201815cd69f728aa3278fad43abfc4bf0f6816ce7ed69777414edb7b76dc49e982c385fc7f235c728ca4ed63a633496a74de23d44691a24ce93ac371283140c71c3907079eb8e4e3dabc4e0d1748b12f9f32e1d31f2ecc027db3807f3ae6bc51e3ad67c4faa35d4b7125bc20910dbc4e42c6bf5ee7d4f7f618039d9ae27b820cd349210300bb138fceba610e556309d4e667a4dd789ec6d10c50cd0c2b90bf29dec38e781d08fc4715cb5f78a779736b1b177e5a597ae79edfcbb7b57354559171f24b24d2992576773d4b1c9a75443a8a96810514514c0290f434b487a1a00660e09c1c0e334945148028a28a0028a28a005c9f534945140051451400514514000ea2a5a8875152d001451453023dc7d68dc7d6928a4014514500145145001451450014514500145145001451450014bb8fad251400bb8fad14945007fffd9, 0x[encoded data, 132508 characters], '2013-02-08 13:25:47', '229.jpg', 'battleship', '66254', '229.jpg', '', '');

-- --------------------------------------------------------

--
-- Table structure for table `page`
--

CREATE TABLE IF NOT EXISTS `page` (
  `id` bigint(255) NOT NULL AUTO_INCREMENT,
  `alias` varchar(255) NOT NULL,
  `name` varchar(255) NOT NULL,
  `parent` bigint(255) NOT NULL,
  `sort` int(11) NOT NULL,
  `status` int(11) NOT NULL,
  `navigation` int(11) NOT NULL,
  `inherit` int(11) NOT NULL,
  `content` text NOT NULL,
  `custom` varchar(255) NOT NULL,
  `section` int(11) NOT NULL,
  `accessfrom` datetime NOT NULL,
  `accessto` datetime NOT NULL,
  `created` datetime NOT NULL,
  `modified` datetime DEFAULT NULL,
  `layer` int(11) NOT NULL,
  PRIMARY KEY (`id`),
  UNIQUE KEY `alias` (`alias`,`section`)
) ENGINE=InnoDB  DEFAULT CHARSET=latin1 AUTO_INCREMENT=74 ;

--
-- Dumping data for table `page`
--

INSERT INTO `page` (`id`, `alias`, `name`, `parent`, `sort`, `status`, `navigation`, `inherit`, `content`, `custom`, `section`, `accessfrom`, `accessto`, `created`, `modified`, `layer`) VALUES
(1, 'adminpage', 'Admin Page', 0, 2, 1, 1, 0, '', 'adminpage', 1, '1970-01-01 10:00:00', '2020-01-23 00:00:00', '0000-00-00 00:00:00', '2013-02-06 13:34:36', 0),
(2, 'adminuser', 'Admin User', 0, 3, 1, 1, 0, '<p>drfgsgr</p>\r\n', 'adminuser', 1, '2013-01-01 00:00:00', '2030-01-24 00:00:00', '0000-00-00 00:00:00', '2013-02-06 13:34:36', 0),
(3, 'error', 'Error', 0, 0, 1, 0, 0, '', '', 1, '0000-00-00 00:00:00', '0000-00-00 00:00:00', '2013-01-14 00:00:00', '0000-00-00 00:00:00', 1),
(4, 'index', 'adminhome', 0, 1, 1, 0, 0, '<p>aefawefawefaweawefawef</p>\r\n\r\n<p>&nbsp;</p>\r\n\r\n<p>thsfrhrt</p>\r\n\r\n<p>rtgbhrthrt</p>\r\n\r\n<table border="1" cellpadding="1" cellspacing="1" style="width: 500px;">\r\n	<tbody>\r\n		<tr>\r\n			<td>&nbsp;</td>\r\n			<td>&nbsp;</td>\r\n		</tr>\r\n		<tr>\r\n			<td>&nbsp;</td>\r\n			<td>&nbsp;</td>\r\n		</tr>\r\n		<tr>\r\n			<td>&nbsp;</td>\r\n			<td>&nbsp;</td>\r\n		</tr>\r\n	</tbody>\r\n</table>\r\n\r\n<p>&nbsp;</p>\r\n', '', 1, '1970-01-01 10:00:00', '2020-01-23 00:00:00', '0000-00-00 00:00:00', '2013-02-06 13:34:36', 0),
(5, 'index', 'Home', 0, 1, 1, 1, 0, '<ol>\r\n	<li>ewawefae</li>\r\n	<li>waefawefwf</li>\r\n	<li>awefaweawfawf</li>\r\n</ol>\r\n\r\n<p><strong>1111111111111111</strong></p>\r\n', 'adminhome', 2, '1970-01-01 10:00:00', '2032-11-30 00:00:00', '0000-00-00 00:00:00', '2013-02-06 13:34:37', 0),
(6, 'TermsandConditions', 'Terms and Conditions', 31, 4, 1, 0, 0, '', '', 2, '1970-01-01 10:00:00', '2033-01-01 10:00:00', '0000-00-00 00:00:00', '2013-01-25 10:05:44', 0),
(7, 'site2', 'Site2', 5, 1, 1, 0, 0, '', '', 2, '2013-01-23 00:00:00', '2013-01-25 00:00:00', '0000-00-00 00:00:00', NULL, 0),
(8, 'TeacherGuide', 'Teacher Guide', 31, 5, 1, 0, 0, '', '', 2, '1970-01-01 10:00:00', '2033-01-01 10:00:00', '0000-00-00 00:00:00', '2013-01-25 10:05:44', 0),
(9, 'site4', 'Site 4', 7, 2, 1, 0, 0, '', '', 2, '0000-00-00 00:00:00', '0000-00-00 00:00:00', '0000-00-00 00:00:00', NULL, 0),
(30, 'test1', 'test1', 0, 2, 1, 0, 0, 'q', '', 2, '2013-01-24 00:00:00', '2013-04-25 09:35:00', '0000-00-00 00:00:00', '2013-02-06 13:34:36', 0),
(31, 'Registration', 'Registration', 5, 5, 1, 0, 0, '<p>&nbsp;\n<p>This is where the registration form will be...</p>\n</p>\n', '', 2, '2013-01-24 00:00:00', '2033-01-24 00:00:00', '0000-00-00 00:00:00', '2013-02-05 11:46:43', 0),
(32, 'GWRInformation', 'GWR information', 31, 3, 1, 0, 0, '<p>Gunniess&nbsp; Book of Records. Is here...</p>\n', '', 2, '1970-01-01 10:00:00', '2033-01-01 10:00:00', '0000-00-00 00:00:00', '2013-02-05 11:53:38', 0),
(33, 'VolunteersStewards', 'Volunteers & Stewards', 5, 6, 1, 0, 0, '<p>e</p>\n', '', 2, '1970-01-01 10:00:00', '2033-01-01 10:00:00', '0000-00-00 00:00:00', '2013-02-05 11:39:44', 0),
(34, 'test5', 'test5', 7, 1, 0, 0, 0, '', '', 2, '0000-00-00 00:00:00', '0000-00-00 00:00:00', '0000-00-00 00:00:00', NULL, 0),
(36, 'EventInfo', 'Event Information', 5, 1, 1, 0, 0, '<p>Welcome to the QMF...</p>\r\n\r\n<p>Here we go&trade;tttdfg dfgsdfg sfdgt</p>\r\n\r\n<p>&nbsp;</p>\r\n\r\n<p>sergsgres</p>\r\n\r\n<p>rsgsergseg</p>\r\n', '', 2, '2013-01-01 00:00:00', '2033-01-31 00:00:00', '0000-00-00 00:00:00', '2013-02-06 11:48:47', 0),
(37, 'Music', 'Music', 31, 2, 1, 0, 0, '<p>Music</p>\n', '', 2, '1970-01-01 10:00:00', '2033-01-01 10:00:00', '2013-01-22 17:27:11', '2013-02-05 11:49:38', 0),
(39, 'SuncorpStadium', 'Suncorp Stadium', 5, 3, 1, 0, 0, '', '', 2, '1970-01-01 10:00:00', '2030-09-01 00:00:00', '2013-01-24 11:53:02', '2013-02-05 11:46:18', 0),
(41, 'MarchRouteMaps', 'March route & maps', 5, 2, 1, 0, 0, '<p><big>hello world</big>...</p>\n\n<p>sdgflihdfgl dglijfg ;oisdffdgdf dfg dh fgh fsgh sh.. yj yj yk,,,,</p>\n\n<p>Hello</p>\n', '', 2, '2013-01-24 00:00:00', '2033-01-24 00:00:00', '2013-01-24 11:56:23', '2013-02-05 12:44:11', 0),
(42, 'Suncorp1', 'Suncorp1', 0, 0, 0, 0, 0, '', '', 0, '0000-00-00 00:00:00', '0000-00-00 00:00:00', '2013-01-24 11:56:34', NULL, 0),
(43, 'FAQ', 'FAQ', 5, 4, 1, 0, 0, '<p>FAQ INformationdf&#39;</p>\n\n<p>Hello</p>\n', '', 2, '1970-01-01 10:00:00', '2033-04-01 00:00:00', '2013-01-24 12:00:28', '2013-02-05 12:43:48', 0),
(49, 'uniform', 'uniform', 30, 4, 0, 0, 0, '', '', 2, '0000-00-00 00:00:00', '0000-00-00 00:00:00', '2013-01-24 12:22:18', '2013-01-24 14:17:03', 0),
(50, 'uniform123', 'Mermaids', 30, 1, 1, 0, 0, '<p>Thumbnail Image</p>\r\n\r\n<p><img alt="Name" src="http://localhost/JMSP/application/layouts/scripts/public/_assets/images/th-two.jpg" style="opacity: 0.9; width: 208px; height: 138px;" /></p>\r\n\r\n<p>Name</p>\r\n\r\n<p>Popup image name</p>\r\n\r\n<p>Description</p>\r\n\r\n<p>&nbsp;</p>\r\n\r\n<p>&nbsp; &nbsp;&nbsp;&nbsp;</p>\r\n\r\n<p>&nbsp;</p>\r\n', '', 2, '2013-01-24 00:00:00', '2013-01-24 00:00:00', '2013-01-24 12:22:38', '2013-02-06 11:17:29', 0),
(51, 'rrr', 'sertgrt', 30, 2, 0, 0, 0, '', '', 2, '1970-01-01 10:00:00', '1970-01-01 10:00:00', '2013-01-24 12:23:32', '2013-01-24 12:23:51', 0),
(52, 'r', 'r', 0, 0, 0, 0, 0, '<p><strong>hot dog</strong></p>\r\n', '', 0, '0000-00-00 00:00:00', '0000-00-00 00:00:00', '2013-01-24 12:42:05', '2013-01-24 12:43:12', 0),
(53, 'New alias', '', 0, 0, 0, 0, 0, '', '', 0, '1970-01-01 10:00:00', '1970-01-01 10:00:00', '2013-01-24 12:59:38', NULL, 0),
(55, 'newer alias', '', 0, 6, 0, 0, 0, '<p>ertherthert</p>\r\n', '', 1, '1970-01-01 10:00:00', '1970-01-01 10:00:00', '2013-01-24 13:03:08', '2013-02-06 13:34:35', 0),
(56, 'www', 'ww', 30, 3, 0, 0, 0, '', '', 2, '1970-01-01 10:00:00', '1970-01-01 10:00:00', '2013-01-24 13:06:07', '2013-01-24 14:17:03', 0),
(58, 'admingroup', 'admingroup', 0, 4, 1, 1, 0, '', 'admingroup', 1, '2013-01-01 00:00:00', '2030-01-24 00:00:00', '2013-01-24 14:49:02', '2013-02-06 13:34:36', 0),
(59, 'Tutorials', 'Tutorials', 31, 1, 1, 0, 0, '<p>This is where the tutorials will be...</p>\n', '', 2, '1970-01-01 10:00:00', '2032-11-30 00:00:00', '2013-01-25 09:41:26', '2013-02-05 11:47:18', 0),
(60, 'Transport', 'Transport', 31, 6, 1, 0, 0, '', '', 2, '1970-01-01 10:00:00', '2032-11-30 00:00:00', '2013-01-25 10:03:28', '2013-01-25 10:05:44', 0),
(61, 'Entertainment', 'Entertainment', 5, 7, 1, 0, 0, '', '', 2, '1970-01-01 10:00:00', '2032-11-30 00:00:00', '2013-02-01 11:09:04', '2013-02-01 11:09:20', 0),
(62, 'Shift', 'shift', 0, 3, 0, 0, 0, '', '', 2, '1970-01-01 10:00:00', '2033-01-01 10:00:00', '2013-02-06 09:51:24', '2013-02-06 13:34:36', 0),
(63, 'Mermaids Pics', 'mermaids_Pics', 0, 0, 0, 0, 0, '<p><img alt="Description" src="http://localhost/JMSP/application/layouts/scripts/public/_assets/images/th-five.jpg" style="width: 208px; height: 138px; border-width: 10px; border-style: solid;" /></p>\r\n\r\n<p>Mermaids Pic 01</p>\r\n\r\n<p>Description</p>\r\n', '', 0, '0000-00-00 00:00:00', '0000-00-00 00:00:00', '2013-02-06 11:07:29', '2013-02-06 11:11:09', 0),
(69, 'Mermaids Pics1', 'mermaids_Pics1', 0, 0, 0, 0, 0, '', '', 0, '0000-00-00 00:00:00', '0000-00-00 00:00:00', '2013-02-06 11:17:53', NULL, 0),
(70, 'Mermaids Pics2', 'mermaids_Pics2', 0, 0, 0, 0, 0, '', '', 0, '0000-00-00 00:00:00', '0000-00-00 00:00:00', '2013-02-06 11:18:05', NULL, 0),
(71, 'Mermaids Pics3', 'mermaids_Pics3', 0, 0, 0, 0, 0, '', '', 0, '0000-00-00 00:00:00', '0000-00-00 00:00:00', '2013-02-06 11:22:07', NULL, 0),
(72, 'adminimage', 'adminImage', 0, 5, 1, 1, 0, '', 'adminimage', 1, '2013-02-06 00:00:00', '2033-03-08 00:00:00', '2013-02-06 13:34:28', '2013-02-06 13:34:35', 0),
(73, 'adminyoutube', 'adminyoutube', 0, 6, 1, 1, 0, '', 'adminyoutube', 1, '1970-01-01 10:00:00', '2032-11-30 00:00:00', '2013-02-08 10:53:41', NULL, 0);

-- --------------------------------------------------------

--
-- Table structure for table `pageimage`
--

CREATE TABLE IF NOT EXISTS `pageimage` (
  `pageId` bigint(255) NOT NULL,
  `imageId` int(255) NOT NULL,
  PRIMARY KEY (`pageId`,`imageId`)
) ENGINE=InnoDB DEFAULT CHARSET=latin1;

--
-- Dumping data for table `pageimage`
--

INSERT INTO `pageimage` (`pageId`, `imageId`) VALUES
(41, 4),
(62, 1),
(73, 3);

-- --------------------------------------------------------

--
-- Table structure for table `pageyoutube`
--

CREATE TABLE IF NOT EXISTS `pageyoutube` (
  `pageId` int(255) NOT NULL,
  `youtubeId` int(255) NOT NULL,
  PRIMARY KEY (`pageId`,`youtubeId`)
) ENGINE=InnoDB DEFAULT CHARSET=latin1;

--
-- Dumping data for table `pageyoutube`
--

INSERT INTO `pageyoutube` (`pageId`, `youtubeId`) VALUES
(62, 5);

-- --------------------------------------------------------

--
-- Table structure for table `ppath`
--

CREATE TABLE IF NOT EXISTS `ppath` (
  `pageID` bigint(255) NOT NULL,
  `pagePath` bigint(255) NOT NULL,
  PRIMARY KEY (`pageID`,`pagePath`)
) ENGINE=InnoDB DEFAULT CHARSET=latin1;

--
-- Dumping data for table `ppath`
--


-- --------------------------------------------------------

--
-- Table structure for table `section`
--

CREATE TABLE IF NOT EXISTS `section` (
  `id` int(11) NOT NULL AUTO_INCREMENT,
  `alias` varchar(30) NOT NULL,
  `name` varchar(30) NOT NULL,
  PRIMARY KEY (`id`),
  UNIQUE KEY `alias` (`alias`)
) ENGINE=InnoDB  DEFAULT CHARSET=latin1 AUTO_INCREMENT=3 ;

--
-- Dumping data for table `section`
--

INSERT INTO `section` (`id`, `alias`, `name`) VALUES
(1, 'admin', 'Admin'),
(2, 'site', 'Site');

-- --------------------------------------------------------

--
-- Table structure for table `ug`
--

CREATE TABLE IF NOT EXISTS `ug` (
  `userID` bigint(255) NOT NULL,
  `groupID` bigint(255) NOT NULL,
  PRIMARY KEY (`userID`,`groupID`)
) ENGINE=InnoDB DEFAULT CHARSET=latin1;

--
-- Dumping data for table `ug`
--

INSERT INTO `ug` (`userID`, `groupID`) VALUES
(0, 1),
(1, 1),
(1, 2),
(2, 1),
(23, 1),
(24, 2),
(25, 1),
(26, 1);

-- --------------------------------------------------------

--
-- Table structure for table `user`
--

CREATE TABLE IF NOT EXISTS `user` (
  `id` bigint(255) NOT NULL AUTO_INCREMENT,
  `user_name` varchar(255) NOT NULL,
  `password` varchar(255) NOT NULL,
  `first_name` varchar(255) NOT NULL,
  `last_name` varchar(255) NOT NULL,
  `contact_number` varchar(255) NOT NULL,
  `address` varchar(255) NOT NULL,
  `created` datetime NOT NULL,
  `modified` datetime NOT NULL,
  PRIMARY KEY (`id`),
  UNIQUE KEY `user_name` (`user_name`)
) ENGINE=InnoDB  DEFAULT CHARSET=latin1 AUTO_INCREMENT=27 ;

--
-- Dumping data for table `user`
--

INSERT INTO `user` (`id`, `user_name`, `password`, `first_name`, `last_name`, `contact_number`, `address`, `created`, `modified`) VALUES
(1, 'adrian@zone4.com.au', 'ea1af56e1affffab130289f7ac6dc424f0cbabe0', 'Adrian', 'Lew', '', '', '2012-12-12 10:21:58', '2013-01-25 17:37:04'),
(2, 'hunterdes@gmail.com', '7d1b8dc5697faf87ad95f8ce6514c5842fa4aba6', '123', 'Liu', '', '', '2012-12-12 11:35:06', '2013-02-07 11:13:47'),
(23, 'hunterdesadrian@gmail.com', '2db4097c89ff9a40e39518edb5b5a2fadc5e5ce2', 'Cong', 'Liu', '', '', '2013-01-29 15:05:25', '0000-00-00 00:00:00'),
(24, 'adrianhunterdes@gmail.com', '2db4097c89ff9a40e39518edb5b5a2fadc5e5ce2', 'Adrian', 'Liu', '', '', '2013-01-29 15:06:02', '2013-02-07 11:14:57'),
(25, 'thom@zone4.com.au', '1f23f67aa0d4cb1ed9f6ec6c64d701be3b6aaef2', 'Thom', 'saunders', '', '', '2013-01-30 16:14:42', '0000-00-00 00:00:00'),
(26, 'matt@zone4.com.au', 'adc47059a35c1d23af80fd45d06e6535ad64364b', 'Matthew', 'Johnson', '', '', '2013-02-01 13:16:03', '0000-00-00 00:00:00');

-- --------------------------------------------------------

--
-- Table structure for table `youtube`
--

CREATE TABLE IF NOT EXISTS `youtube` (
  `id` bigint(255) NOT NULL AUTO_INCREMENT,
  `url` varchar(255) NOT NULL,
  `thumbnail` mediumblob NOT NULL,
  `name` varchar(255) NOT NULL,
  `size` int(255) NOT NULL,
  `type` varchar(50) NOT NULL,
  `created` datetime NOT NULL,
  `description` text NOT NULL,
  PRIMARY KEY (`id`)
) ENGINE=InnoDB  DEFAULT CHARSET=latin1 AUTO_INCREMENT=6 ;

--
-- Dumping data for table `youtube`
--

INSERT INTO `youtube` (`id`, `url`, `thumbnail`, `name`, `size`, `type`, `created`, `description`) VALUES
(2, 'http://www.youtube.com/watch?v=YPjXxKpM4DM', 0x[encoded data, 6404 characters], 'images (1).jpg', 6494, 'image/jpeg', '0000-00-00 00:00:00', '																			eee																	'),
(4, 'http://www.youtube.com/watch?v=YPjXxKpM4DM', 0x[encoded data, 9246 characters], 'SANY0333.JPG', 369345, 'image/jpeg', '0000-00-00 00:00:00', '											weawfawfawefawefawef					'),
(5, 'www.youtube.com/watch?v=YPjXxKpM4DM', 0x[encoded data, 10946 characters], 'Uss_maine_color.jpg', 1597845, 'image/jpeg', '0000-00-00 00:00:00', '																');
